
113
What is the greatest common divisor of 8423360 and 8640?
320
What is the highest common divisor of 8 and 20512468?
4
Calculate the greatest common factor of 45265 and 6859705.
4115
What is the highest common divisor of 216 and 89771868?
108
Calculate the greatest common divisor of 385 and 594825.
385
What is the greatest common divisor of 465 and 26470125?
465
Calculate the greatest common factor of 9800 and 399140.
140
Calculate the greatest common factor of 2571 and 4598662.
857
Calculate the greatest common factor of 45866444 and 52.
52
What is the highest common factor of 3983861 and 5264?
329
What is the greatest common factor of 1529110564 and 92?
92
Calculate the highest common divisor of 1336 and 312326072.
1336
Calculate the highest common factor of 28359128 and 272.
136
What is the greatest common factor of 392846882 and 258?
86
What is the greatest common factor of 20177292 and 1416?
708
What is the greatest common divisor of 406 and 10393600?
406
Calculate the highest common factor of 14120942 and 11.
11
What is the greatest common divisor of 2226284 and 238176?
3308
Calculate the greatest common divisor of 26841 and 1242.
69
What is the highest common factor of 74437 and 8436439?
737
What is the highest common divisor of 518 and 40320602?
518
What is the greatest common divisor of 2390 and 35370?
10
Calculate the greatest common factor of 8563316 and 479756.
6572
What is the greatest common divisor of 141515 and 21390?
155
Calculate the greatest common divisor of 60 and 23604460.
20
Calculate the greatest common divisor of 30673352 and 1196.
92
What is the greatest common divisor of 2143100 and 4350?
1450
What is the highest common factor of 102395387 and 93?
31
Calculate the greatest common factor of 229652 and 20.
4
Calculate the highest common factor of 382907 and 16112.
19
Calculate the highest common divisor of 195677395 and 34.
17
What is the highest common factor of 37795716 and 690?
138
What is the highest common factor of 380 and 14155?
95
What is the highest common divisor of 1246771 and 5552?
347
Calculate the highest common divisor of 98790 and 682274.
178
Calculate the greatest common divisor of 3106388 and 149812.
268
Calculate the highest common factor of 64771 and 394079.
133
What is the highest common divisor of 13343373 and 3159?
243
Calculate the highest common divisor of 123 and 1469283.
3
Calculate the highest common divisor of 11871 and 1417925.
1319
Calculate the greatest common factor of 274000 and 107500.
500
Calculate the greatest common factor of 12136 and 10083499.
1517
Calculate the highest common divisor of 2236 and 405946918.
1118
What is the highest common factor of 523 and 43543411?
523
What is the highest common factor of 64837760 and 3380?
260
Calculate the greatest common factor of 120 and 20334120.
120
What is the highest common factor of 4650720 and 7680?
480
Calculate the greatest common factor of 2512387 and 106771.
2179
What is the highest common divisor of 893739 and 1355475?
1749
Calculate the greatest common divisor of 260 and 558238720.
260
Calculate the highest common divisor of 345 and 909139515.
345
What is the highest common factor of 249815 and 47024?
2939
Calculate the greatest common factor of 234 and 117954.
18
What is the greatest common divisor of 900 and 633222?
18
What is the greatest common divisor of 211448 and 892?
4
Calculate the greatest common divisor of 81347 and 116109.
7
Calculate the greatest common divisor of 113890 and 1216996.
3254
Calculate the greatest common factor of 3050 and 52040.
10
What is the greatest common divisor of 92 and 10321572?
92
Calculate the greatest common divisor of 25662658 and 4816.
602
Calculate the greatest common factor of 1760430 and 236467.
581
Calculate the greatest common divisor of 10212857 and 496.
31
What is the highest common divisor of 10690 and 38310?
10
Calculate the highest common divisor of 299341 and 8979.
41
Calculate the greatest common divisor of 9939280 and 190.
190
What is the greatest common divisor of 496890 and 2430?
90
What is the highest common factor of 8887755 and 60?
15
What is the highest common factor of 2891441234 and 22?
22
What is the greatest common factor of 9792 and 34176256?
1088
Calculate the highest common divisor of 722960 and 71820.
140
Calculate the highest common divisor of 825 and 2438425.
275
What is the highest common factor of 69499094 and 5848?
1462
Calculate the highest common factor of 2284369488 and 12.
12
What is the highest common divisor of 3137330 and 210?
70
What is the highest common divisor of 50903 and 98537?
467
Calculate the greatest common divisor of 358265 and 1540895.
395
Calculate the highest common factor of 29874121 and 43.
43
Calculate the greatest common factor of 3720 and 923893.
31
What is the greatest common factor of 90480 and 1660685?
1885
Calculate the highest common divisor of 10 and 202020475.
5
What is the greatest common factor of 2274567438 and 17644?
8822
What is the greatest common factor of 32962490 and 16082?
374
Calculate the highest common factor of 22 and 29234502.
22
Calculate the greatest common divisor of 1110 and 229596470.
370
Calculate the highest common factor of 6491850 and 1200.
150
What is the highest common factor of 56623503 and 9?
3
Calculate the greatest common factor of 813119 and 10856.
23
Calculate the highest common factor of 1555904 and 18676.
644
Calculate the highest common divisor of 91200 and 119871.
57
Calculate the highest common divisor of 943954660 and 21098.
3014
What is the greatest common factor of 1230 and 10983285?
615
Calculate the highest common divisor of 470 and 889343682.
94
Calculate the highest common divisor of 19013372 and 294.
98
Calculate the greatest common factor of 7117858 and 2510.
502
What is the greatest common divisor of 19003 and 76625?
613
Calculate the greatest common divisor of 471747 and 39597.
201
What is the greatest common divisor of 216 and 87288?
24
What is the highest common factor of 4881065 and 700?
35
What is the greatest common factor of 4680 and 2317120?
520
What is the greatest common factor of 19083469 and 187?
17
What is the greatest common factor of 114288 and 23176?
8
Calculate the highest common divisor of 394304 and 7808.
3904
Calculate the highest common divisor of 53 and 87476500.
53
Calculate the greatest common factor of 4095 and 2505295.
65
Calculate the greatest common divisor of 98 and 141887809.
7
Calculate the greatest common factor of 1538857 and 155890.
2227
What is the highest common divisor of 3431 and 209013089?
3431
Calculate the greatest common divisor of 85262 and 79744.
178
What is the greatest common factor of 414766 and 86768?
374
What is the highest common divisor of 54 and 14759310?
6
Calculate the highest common factor of 11276777 and 31.
31
Calculate the greatest common divisor of 792 and 313112.
8
Calculate the greatest common divisor of 43980808 and 568.
568
Calculate the greatest common factor of 2867820 and 85.
5
Calculate the greatest common factor of 326 and 1146998889.
163
What is the greatest common divisor of 7491136 and 144?
16
What is the highest common divisor of 3324 and 62348268?
3324
Calculate the greatest common factor of 3990 and 18176445.
1995
Calculate the highest common factor of 495838 and 250.
2
What is the highest common divisor of 7 and 2797060?
7
Calculate the greatest common factor of 5139 and 198981.
9
What is the greatest common factor of 4743744 and 374232?
744
What is the greatest common divisor of 2118510 and 19845?
45
What is the highest common factor of 1336 and 4979773?
167
Calculate the highest common factor of 324194 and 41366.
962
What is the highest common factor of 183395 and 2924?
43
What is the highest common factor of 28980 and 49980035?
805
What is the greatest common divisor of 259 and 137255755?
259
What is the highest common divisor of 6426 and 1294461?
189
Calculate the greatest common factor of 381136 and 6232.
328
What is the greatest common divisor of 374675 and 1207524?
2141
What is the highest common divisor of 12921 and 529323?
219
Calculate the greatest common factor of 6572704 and 1616.
16
What is the highest common factor of 16024512 and 24864?
672
Calculate the greatest common divisor of 51